)). Suppose k = -x*k + 2781. What are the prime factors of k?
3, 103
Let o be (-816)/(-9) + ((-2)/(-1))/6. List the prime factors of o - (-5)/(15/(-12)).
3, 29
Let s = 30 + 61. Suppose 3*x - 269 - s = 0. Let n = -86 + x. List the prime factors of n.
2, 17
Suppose 2042 = -15*c + 19*c + 3*a, 2562 = 5*c - a. What are the prime factors of c?
2
Let m = 297 + -145. List the prime factors of m - 4*4/16.
151
Let d be 1/(-3 + 35/12). Let o be d*(-2)/(-12)*3. Let n = o - -32. List the prime factors of n.
2, 13
Let z = -5 + 85. What are the prime factors of (z/50)/((-4)/(-30))?
2, 3
Suppose 201 = 3*a - 5*v, 3*v = -3*a + 2*v + 201. Let i = 190 - a. What are the prime factors of i?
3, 41
Let y = -206 - -106. Let d = -38 - y. What are the prime factors of d?
2, 31
Let n = -96 - -91. Let a(d) = -2*d**2 - d**2 - 5 + 2*d**2 - 8*d. List the prime factors of a(n).
2, 5
Let b(v) be the second derivative of 7*v**4/2 + v**2/2 + 15*v. Suppose -5*x - 4 = -9*x. List the prime factors of b(x).
43
Suppose -u + 52 = 2*x - 69, 5*x = -4*u + 310. Let t = 113 + -81. Let m = x - t. List the prime factors of m.
2, 13
Let r(n) = -n**3 + 9*n**2 - 12*n - 8. Let q be r(7). Let f = q - -23. What are the prime factors of f?
29
Suppose 0 = -819*s + 821*s - 1344. List the prime factors of s.
2, 3, 7
Let i(w) be the third derivative of w**4/8 - 29*w**3/6 + 21*w**2. What are the prime factors of i(12)?
7
Suppose -32 = -j - 4*a, 0 = 2*j + 5*a - a - 44. Suppose 4*v - 372 = 3*t + 52, 0 = -3*t - j. What are the prime factors of v?
103
Let d(r) = -r**3 - 7*r**2 - 4*r + 3. Let z = -41 - -81. Suppose -3*w = 4*m + z, -2*w + 27 = -5*m - 0*w. List the prime factors of d(m).
31
What are the prime factors of 167751/247 + (-2)/13?
7, 97
Suppose -7*j + 5*j + 8 = 0. Suppose j*u + 4*l - 3 = 641, -u - 3*l + 169 = 0. List the prime factors of u.
157
Let f(b) = b**2 - 2*b - 13. Let r be f(5). Let x be 2/(-3) + 286/(-39). What are the prime factors of 81 + r - (-7 - x)?
2, 41
Let j(u) = -35*u**3 - 2*u**2 - 2*u - 4. List the prime factors of j(-2).
2, 17
Suppose 0 = -h + 5*q - 2*q + 265, 1309 = 5*h + q. List the prime factors of h.
2, 131
Suppose -14 = 3*g - w, -g = -3*g + 5*w + 8. Let u = -2 + g. Let l = u - -16. What are the prime factors of l?
2
Let z(x) = -x**2 + 5*x + 578. What are the prime factors of z(0)?
2, 17
Suppose -6*s - 2436 = -7*s. List the prime factors of s.
2, 3, 7, 29
Suppose 4*o = 8, 4*o + 2052 = 6*v - 2*v. What are the prime factors of v?
5, 103
Suppose -4*g + 2*g + 2*n + 10 = 0, -20 = -5*g + 4*n. Suppose g = -7*p - 2*p + 909. What are the prime factors of p?
101
Let q(c) = -4*c - 8. Let o be q(-16). Suppose 182 - o = 2*z. What are the prime factors of z?
3, 7
Suppose 7*x = 5*x + 38. Suppose 5*j = -4*d - 33, -3*d - 3*j - x = -d. Let l(t) = 3*t**2 + 4*t + 3. List the prime factors of l(d).
7
Let o = -59 - -9. What are the prime factors of (-5)/(o/1015)*2?
7, 29
Let v = -59 + 76. Suppose -21*u + v*u = -128. List the prime factors of u.
2
Let u(t) be the first derivative of -75*t**2 + t - 2. Let g be u(-1). Suppose 4*f - 3*r - g = 0, f - 2*r = 2*r + 28. List the prime factors of f.
2, 5
Let i = 91 + 89. List the prime factors of i.
2, 3, 5
Suppose 0*u - 3*u = -273. What are the prime factors of 4/7 + 2314/u?
2, 13
Let q be 11/(-2) - (-6)/4. Let j(y) = y**2 + 8*y + 4. Let f be j(-8). What are the prime factors of ((-6)/q)/(f/48)?
2, 3
Let x(u) = -u + 5. Let f be x(3). Suppose 2*o + 11 = 3*k - 51, -f*k = 3*o - 50. Suppose -2*s = 2*b - k, b - 6*b = -3*s - 7. What are the prime factors of s?
2, 3
Let p = -845 + 1374. What are the prime factors of p?
23
Let l(c) = -2*c - 3. Let i be l(-4). Suppose -i*d + 3 = -12. Suppose -5*z + b + b = -48, d*z = 3*b + 36. List the prime factors of z.
2
Let p(q) = 53*q**2 + 2*q - 1. Let y(v) = v**2 + v - 1. Let f(u) = p(u) - 2*y(u). What are the prime factors of f(1)?
2, 13
Suppose 2*p + 3 = 9. Suppose p*v - 956 = -5*a, a - 180 = 3*v + 2*v. Suppose 0 = 13*k - 8*k - a. List the prime factors of k.
2, 19
Suppose -i + 14 = 5*m, 2*i = 3*i + m - 10. Suppose -155 = -i*t + 277. What are the prime factors of t?
2, 3
Let b = 1552 - 350. What are the prime factors of b?
2, 601
Let o(z) = 3*z + 47. Let g be o(-17). Let s(n) = 3*n - 2*n**3 - 3*n**3 + 6*n**2 + 4 + 6*n**3. List the prime factors of s(g).
2, 3
Let f(i) = i**2 - 10*i - 10. Let x be f(11). Let a be 5 - (-3 + x - -3). Suppose m = -3*m + 16, 0 = 5*j + a*m - 51. What are the prime factors of j?
7
Let q be -14*(1191/(-24) - 4/(-32)). Suppose -877 - q = -10*d. What are the prime factors of d?
157
Let y(l) = -3*l**3 - 5*l**2 + 10*l - 10. What are the prime factors of y(-7)?
2, 11
Suppose 9*m - 4*m = -5*o + 680, -534 = -4*m + o. Suppose 2*c + 2*r - m = 0, -3*r = 3*c - r - 198. List the prime factors of c.
2
Let c = -2571 - -4405. What are the prime factors of c?
2, 7, 131
Let m = 0 - -1. Let r(p) = -29*p + 1. Let s(y) = -56*y + 2. Let d(x) = 7*r(x) - 4*s(x). List the prime factors of d(m).
2, 5
Suppose 0 = 3*p - 4*p + b + 9, -3*b - 34 = -4*p. Let n be (1/1)/(p/(-28)). Let d = n + 16. List the prime factors of d.
2, 3
Let t(a) = 2*a**2 + 2*a - 30. Let d be t(-6). Suppose -5*f = d - 905. List the prime factors of f.
5, 7
Suppose 2*f - 6*f = 0. Suppose -5*j + 0*j = f. What are the prime factors of j + (-1)/(3/(-42))?
2, 7
What are the prime factors of (29 - -33)*(0 + 1)?
2, 31
Let r be 60/(-8)*12/(-15). Let f(x) = x**2 + x - 14. Let i be f(r). Let d = -12 + i. List the prime factors of d.
2
What are the prime factors of (-508)/(-10)*(155/10 - -2)?
7, 127
Let c = -610 - -1205. What are the prime factors of c?
5, 7, 17
List the prime factors of 12/(-14) + 152929/343.
5, 89
Let i be (-24)/(-16) + 0 + 14/4. Suppose -145 - 290 = -i*z. List the prime factors of z.
3, 29
Let n(b) = -27*b**3 - 4*b**2 + b + 10. What are the prime factors of n(-3)?
2, 5, 7
Let a = 12 - 10. Let i be (9/(-6))/(a/4). What are the prime factors of i/15 + (-142)/(-10)?
2, 7
Suppose 18 = -5*v - 3*k, 7*v = 4*v - k - 14. Suppose -4*c - 4*s = -3*c - 10, -3*c + 110 = -4*s. Let b = c + v. List the prime factors of b.
2, 3
Suppose -2*d + 70 = 4*u, d + 5*u - 22 - 7 = 0. Let k = d + -30. What are the prime factors of k?
3
Let i = -1279 + 2558. List the prime factors of i.
1279
Let z(p) = p**3 - 21*p**2 - 27*p + 28. Let x(h) = -2*h**3 + 42*h**2 + 55*h - 55. Let m(g) = -2*x(g) - 5*z(g). List the prime factors of m(22).
2, 3
Let h be 2/(8/(-34))*2. Let o = h - -23. Suppose -p = -o*p + 185. List the prime factors of p.
37
Let k(h) = -3*h**3 - 5*h**2 - 9*h - 22. List the prime factors of k(-4).
2, 3, 7
Suppose -9*w - 1099 = -3853. What are the prime factors of w?
2, 3, 17
Let g = 1759 + 675. List the prime factors of g.
2, 1217
Suppose -18*g + 13*g = -3510. List the prime factors of g.
2, 3, 13
Suppose 14*k = -14339 + 43739. List the prime factors of k.
2, 3, 5, 7
Let h(f) = f - 4. Let r(o) = -o**3 - 9*o**2 + 8*o - 12. Let c be r(-10). Let y be h(c). Suppose v - 22 = -y. List the prime factors of v.
2, 3
Let v = -40 - -43. Suppose -p + 5 = 9, q - v*p = 86. List the prime factors of q.
2, 37
Let a(z) = z - 4. Let d be a(7). Suppose -o + d*o + 80 = 0. What are the prime factors of 3/(1 - 4)*o?
2, 5
Let a be (32/12)/((-1)/3). Let f be (-1)/8 + (-891)/(-88). What are the prime factors of 11*f*a/(-20)?
2, 11
Let c(h) = h**3 - 13*h**2 + 14*h - 16. Let k(a) = -a**3 + 10*a**2 - 8*a. Let l be k(9). Let u be (-94)/(-8) + l/36. List the prime factors of c(u).
2
Suppose -9189 = -4*q + p, -p - 1389 = -q + 909. List the prime factors of q.
2297
Let m be (112/(-20) - -2)/(2/(-10)). Suppose -i + j = -14, 4*i - m = 3*i + 5*j. What are the prime factors of i?
13
Let z be (-42)/(-18)*(-8)/(-14)*42. Let c = z + 71. What are the prime factors of c?
127
Suppose -5*y = 2*p - 2415, 9*y - 14*y + 2415 = p. What are the prime factors of y?
3, 7, 23
Let c = -98 + 141. Suppose -o = 2 - c. What are the prime factors of o?
41
Let o(m) = 6*m - m**3 + 6*m - 2*m**2 - 5*m + 2. List the prime factors of o(-6).
2, 13
Let u(q) = -25*q - 31. Let d be u(-6). Suppose 3*a - 145 - d = -3*t, -2*t + 161 = -3*a. What are the prime factors of t?
5, 17
Let x(m) be the second derivative of -m**5/20 + m**4/12 + 5*m**3/3 + 5*m**2/2 - 10*m. What are the prime factors of x(-4)?
3, 5
Let k(s) be the first derivati